4*o, -2*o + t + 2*t + 2 = 0. Let d be 4/6 + 28/3. Let i = d + o. What is the units digit of i?
5
Suppose -575 = -10*w + 5*w. What is the units digit of w?
5
Suppose -4*d + 3*b = -31 - 29, -d + 22 = b. Suppose d - 66 = -4*n. What is the units digit of n?
2
Suppose 0 = -3*f - 5 + 20. Suppose -5*n = -f*u - 150, 0 = -2*n + 6*u - 2*u + 68. Suppose -4*c = -2*c - n. What is the units digit of c?
3
Let d = 24 - -220. What is the tens digit of d?
4
Let m be (-5)/30 + 103/6. Let j(t) = t + 4. Let x(l) = 3*l + 13. Let f(w) = m*j(w) - 6*x(w). What is the units digit of f(-12)?
2
Let p(y) = 103*y**2 + 1. Let z be p(-1). Suppose -5 = 3*b - z. What is the tens digit of b?
3
Let x(o) = 25*o**3 + 3*o**2 - o. Let h(r) = 25*r**3 + 4*r**2 - r. Let u(m) = 4*h(m) - 5*x(m). What is the tens digit of u(-1)?
2
Let o = -449 - -663. What is the hundreds digit of o?
2
Let c = 3 - 3. Suppose -5*r = 5*v, 2*r = -v - c + 3. What is the units digit of r?
3
What is the tens digit of 0 + 2/9 + 5380/90?
6
Suppose -4*v + v = 0. Let j be (2 - v - 2)/(-2). Suppose j = -2*d + 1 - 11, -5*d = -2*i + 39. What is the units digit of i?
7
Let t be (3 - (-3)/4)*4. What is the tens digit of t/1 - (5 + -5)?
1
Let f be (2/4)/((-5)/(-40)). Suppose -s = -f*m - 22, 5*s - m = 14 + 1. Suppose 0*p + s*p - 14 = 0. What is the units digit of p?
7
Let z(x) = -x - 3 + x**2 + 4 + 1. Let a(u) = u**2 - 2*u + 1. Let p be a(1). What is the units digit of z(p)?
2
Let t(r) = -2*r**2 - 2*r - 2. Let c be t(-4). Let w = c + 41. What is the tens digit of w?
1
Let d(s) = -s**2 + 5*s - 1. Let w be d(4). Suppose -c = w*c - 1032. What is the units digit of (-2)/(-9) + c/54?
5
Let b be 6/(-2)*(-2 + 1). What is the units digit of 1/((-1)/(-9)) + b?
2
What is the units digit of (-7 + 2)/((-3)/9)?
5
Let q(l) = -13*l**3 - l**2. What is the units digit of q(-1)?
2
Let v = -27 + 68. Suppose v = 2*x + 7. Let o = x + -10. What is the units digit of o?
7
Let r(s) = s**2 - 5*s + 14. What is the tens digit of r(14)?
4
Let n(u) = u**2 - 6*u + 2. What is the units digit of n(7)?
9
Suppose 0 = 6*b + 37 - 277. What is the units digit of b?
0
Let j = -12 + 16. Suppose j*i = 2*i + 14. What is the units digit of i?
7
Let o = -45 - -73. What is the tens digit of o?
2
Let a = -7 + -17. What is the units digit of (-320)/a + 4/6?
4
Let u be 4/(-5)*(3 + -8). Let s be 1/(-2)*(u + -20). Let r = 13 + s. What is the tens digit of r?
2
Let j(l) = 152*l - 40. What is the hundreds digit of j(3)?
4
Suppose 0 = -8*q + 5*q - 9. Suppose 2*j = 4*u + 22, -2*j + 1 = 5*u + 6. Let r = q + j. What is the units digit of r?
2
Let k = 6 + -4. Let b = 2 - 0. Suppose -2*w = -k*a - 18 + b, 4*w + 2*a - 50 = 0. What is the units digit of w?
1
Let v(u) = u - 1. Let i be v(-8). Let x = 18 + i. What is the units digit of x?
9
Let m(a) = 9*a**2 + 2*a - 3. What is the tens digit of m(2)?
3
Suppose 0 = -3*a + c + 160, a - c + 152 = 4*a. What is the tens digit of a?
5
Let k = -13 + 79. What is the units digit of k?
6
Let z(k) be the second derivative of k**4/12 - 2*k**3/3 + 7*k**2/2 + 2*k. What is the tens digit of z(5)?
1
Let o(l) = -l**3 - 2*l**2 - l - 5. What is the units digit of o(-4)?
1
Let q = -4 - -8. Let m = q - 6. What is the units digit of ((-22)/4 - -1)*m?
9
Let c be (-1 - 2 - -2)*-69. Suppose -3*i = -0*i - c. What is the units digit of i?
3
Let r = 269 + 147. Suppose 5*l + 141 = r. What is the units digit of l?
5
Let u(t) = -195*t + 10. What is the hundreds digit of u(-2)?
4
Let b be (-150)/(-36) - 2/12. Suppose 4*m + 5*k - 24 = 0, -m - 5 = 3*k - b. What is the tens digit of m?
1
Let p = 55 + -24. What is the tens digit of p?
3
Let o(q) = -21*q - 21. What is the tens digit of o(-6)?
0
Let b(h) = -2*h**2 + h - 19. Let d(i) = -i**2 + i - 9. Let x(c) = -2*b(c) + 5*d(c). Let q be x(5). Let p = q + 26. What is the units digit of p?
9
Suppose -k + 570 - 147 = 0. What is the tens digit of k?
2
Let y be 28/13 - 6/39. Suppose b - 48 = -y*b. What is the units digit of b?
6
Let w = -396 + 602. What is the tens digit of w?
0
Let m be (-1 + 1)*(-6)/12. Suppose m = -8*l + 4*l + 60. What is the tens digit of 1 - 5/(l/(-27))?
1
Let c(u) = -u**3 + u**2 + u + 2. Let q be c(2). Let m be 6*(-8)/(-3) - q. Suppose 4*l = m + 12. What is the units digit of l?
7
Let u be (-6)/(-10)*(-4 + 14). What is the units digit of (1 - -14) + 6/u?
6
Let y(q) = -q**2 + 10*q - 2. Let p be y(7). Suppose 4*n - 12 = -0*n. Suppose 4*c = -3*v + 6, -n*c + p = -2*v - 3*v. What is the units digit of c?
3
Let o = 14 - 2. Let i(x) = -8*x + 2. Let r be i(-2). Let c = r - o. What is the units digit of c?
6
Suppose 0 = -2*v + 4*j + 70, -9*j = -3*v - 5*j + 103. What is the tens digit of v?
3
Let k(j) be the first derivative of 3*j**4/4 - 2*j**3/3 - 8. What is the tens digit of k(2)?
1
Let v(y) = -y**3 - 4*y**2 + 4*y + 5. What is the units digit of v(-5)?
0
Suppose -2*a - 3*q + 15 = 0, 3*a - 20 = q - 3. Let w(t) = 5*t**2 + 4*t + 3. Let k be w(-4). Suppose -3*b = s - 5, k = a*s - s + b. What is the units digit of s?
4
Let c(g) = 3*g**3 - 2*g**2 + 3*g - 7. What is the units digit of c(3)?
5
Suppose 2650 = 2*m + 8*m. What is the units digit of m?
5
Let f(j) = 7*j**2 - 3*j - 3. What is the hundreds digit of f(-5)?
1
Let s(b) = 1. Suppose -4 = x - 5. Let o(r) = -r - 6. Let q(f) = x*o(f) + 2*s(f). What is the units digit of q(-8)?
4
Suppose -7*h = -12*h - 15. Let c = h - -7. What is the units digit of c?
4
Let o(a) = a**3 - 17*a**2 + 17*a + 8. Let u be o(16). Suppose 0*l + 3 = -l. What is the tens digit of 296/u - (-1)/l?
1
Let m(i) = 6*i + 10. What is the tens digit of m(6)?
4
Let k(o) = o + 10. Let a be k(-9). Suppose -a = -u + 4. What is the units digit of u?
5
Let b(d) = 244*d**2 + 1. What is the hundreds digit of b(1)?
2
Suppose 4*d = 7*d - 6. Suppose 3*s = 3*h - 54, -5*h - d*s + 53 = -9. What is the units digit of h?
4
Let t = -13 - -8. Let p = t - -13. What is the units digit of p?
8
Suppose -3*l - 1 = -b - 0*l, -l - 27 = 5*b. What is the tens digit of -1*(-2)/b*-30?
1
Let p = 38 + 35. Suppose 7 = 5*k - p. What is the tens digit of k?
1
Let y(o) be the third derivative of -o**5/60 - 5*o**4/24 - o**3/3 + o**2. Let s be y(-4). Suppose 5*q - s*q - 12 = 0. What is the units digit of q?
4
Let o(d) = d**2 - 7*d + 6. What is the units digit of o(7)?
6
Let g(a) = 17*a**2 + 1. Suppose -5 = 4*t - 1. What is the tens digit of g(t)?
1
What is the units digit of ((-26)/3)/(6/(-9))?
3
Let r(o) = -o**3 - o**2 - 2*o - 9. What is the units digit of r(-5)?
1
Let b = 5 + -1. Suppose 7*f = b*f + 39. What is the tens digit of f?
1
Let s = 90 - 49. What is the units digit of s?
1
Suppose -2*v + 28 = -4*v. Let s = v - -26. Let f = s - 4. What is the units digit of f?
8
Suppose 4*r = 104 - 12. What is the units digit of r?
3
Let p(z) = z + 3. Let s be p(2). Suppose 61 = v + s*o, -5*v - 3*o + 115 + 80 = 0. What is the units digit of v?
6
Let n(m) = 98*m + 3. What is the hundreds digit of n(4)?
3
Let w(q) = -14*q + 15. Let m(v) = 5*v - 5. Let a(x) = 17*m(x) + 6*w(x). Let o be a(-5). Suppose -u + 2 + o = 0. What is the units digit of u?
2
Let b = 9 - 4. Let i be (-2)/b - (-54)/10. What is the units digit of (-12)/15*i/(-2)?
2
Let h(m) = m**2 - 10*m - 30. What is the units digit of h(17)?
9
Let m = -3 - -5. Let x(f) = -f**2 - 8*f - 1. Let o be x(-7). Suppose m*n - o = -2*w, 5*n - w - 27 = n. What is the units digit of n?
6
Suppose 7*p - 2*p = -5. Let h be (-17)/4 - p/4. What is the units digit of (-2*1 - h) + 1?
3
Let j = -10 + 19. Let h = 30 - j. What is the units digit of h?
1
Suppose 4*f - 2 = -3*x + 8*f, 3*x + 5*f = 11. Suppose 4*n - 20 = -3*y + 14, -3*y - x*n = -26. What is the units digit of y?
6
Let j be (-18)/(-4) - (-1)/2. Suppose -5*q = -2*q - f - j, 3 = 3*q - 3*f. What is the units digit of 1/(q*(-2)/(-20))?
5
Suppose -h + 3 = -0*h - 5*l, -4*l + 12 = 4*h. Suppose -g = f - 1, -3*g + h*f + 15 = -0*g. What is the units digit of (8/3)/(g/9)?
8
Suppose -3 = 3*y, -2*f = -0*f - 4*y - 28. Let b = f - 7. Suppose b*i + 0 - 5 = 0. What is the units digit of i?
1
Suppose -10*y + 9*y + 18 = 0. What is the tens digit of y?
1
Let l(a) = 7*a**3 - 10*a**2 + 4*a + 7. Let v(x) = -8*x**3 + 11*x**2 - 5*x - 8. Let z(m) = -7*l(m) - 6*v(m). What is the units digit of z(2)?
1
Suppose f + 39 = -4*z - 17, 91 = -5*z + 4*f. Let q(x) = -x**3 + 7*x**2 -